hen 33092 is divided by 168?
164
What is the remainder when 97859 is divided by 56?
27
What is the remainder when 1095104 is divided by 33?
32
Calculate the remainder when 1972 is divided by 767.
438
What is the remainder when 5215 is divided by 5204?
11
What is the remainder when 13308 is divided by 1329?
18
Calculate the remainder when 4086 is divided by 163.
11
Calculate the remainder when 109114 is divided by 28.
26
Calculate the remainder when 4239455 is divided by 208.
207
What is the remainder when 97236 is divided by 32409?
9
Calculate the remainder when 6901 is divided by 2.
1
Calculate the remainder when 18897 is divided by 1050.
1047
Calculate the remainder when 30941 is divided by 289.
18
What is the remainder when 552493 is divided by 14?
11
What is the remainder when 8941 is divided by 2905?
226
What is the remainder when 739042 is divided by 369519?
4
Calculate the remainder when 38166 is divided by 202.
190
Calculate the remainder when 35601 is divided by 385.
181
What is the remainder when 31371 is divided by 15553?
265
What is the remainder when 184745 is divided by 95?
65
What is the remainder when 20046 is divided by 127?
107
What is the remainder when 32395 is divided by 10?
5
What is the remainder when 15211 is divided by 195?
1
Calculate the remainder when 50689 is divided by 792.
1
What is the remainder when 5860 is divided by 309?
298
Calculate the remainder when 121482 is divided by 21.
18
What is the remainder when 175769 is divided by 19?
0
Calculate the remainder when 3208 is divided by 1331.
546
What is the remainder when 3426 is divided by 156?
150
What is the remainder when 14042 is divided by 4676?
14
What is the remainder when 7009 is divided by 6863?
146
Calculate the remainder when 40792 is divided by 10182.
64
What is the remainder when 64443 is divided by 32215?
13
Calculate the remainder when 1640 is divided by 277.
255
Calculate the remainder when 580 is divided by 16.
4
Calculate the remainder when 344456 is divided by 12.
8
What is the remainder when 13395 is divided by 197?
196
What is the remainder when 70754 is divided by 795?
794
Calculate the remainder when 198545 is divided by 4.
1
Calculate the remainder when 6285 is divided by 567.
48
What is the remainder when 3016 is divided by 870?
406
Calculate the remainder when 432240 is divided by 181.
12
Calculate the remainder when 620509 is divided by 2125.
9
Calculate the remainder when 96849 is divided by 96846.
3
Calculate the remainder when 6983 is divided by 432.
71
Calculate the remainder when 1797 is divided by 250.
47
What is the remainder when 6125 is divided by 875?
0
Calculate the remainder when 42860 is divided by 134.
114
What is the remainder when 2910 is divided by 803?
501
What is the remainder when 3058 is divided by 386?
356
What is the remainder when 1025865 is divided by 1236?
1221
What is the remainder when 90509 is divided by 16?
13
Calculate the remainder when 3457 is divided by 353.
280
Calculate the remainder when 10234 is divided by 1278.
10
Calculate the remainder when 2160 is divided by 55.
15
Calculate the remainder when 564958 is divided by 20.
18
What is the remainder when 61487 is divided by 90?
17
Calculate the remainder when 1549267 is divided by 66.
49
What is the remainder when 391600 is divided by 18?
10
What is the remainder when 1556 is divided by 395?
371
Calculate the remainder when 363607 is divided by 579.
574
What is the remainder when 145203 is divided by 546?
513
What is the remainder when 581013 is divided by 20?
13
Calculate the remainder when 2236 is divided by 367.
34
What is the remainder when 289169 is divided by 810?
809
What is the remainder when 411 is divided by 28?
19
Calculate the remainder when 4308 is divided by 61.
38
What is the remainder when 30178 is divided by 629?
615
Calculate the remainder when 11099 is divided by 1383.
35
What is the remainder when 178377 is divided by 12?
9
Calculate the remainder when 586 is divided by 577.
9
What is the remainder when 5478 is divided by 5306?
172
Calculate the remainder when 8380 is divided by 1336.
364
What is the remainder when 2207 is divided by 214?
67
What is the remainder when 6192 is divided by 1547?
4
Calculate the remainder when 41302 is divided by 1147.
10
What is the remainder when 5824 is divided by 1935?
19
What is the remainder when 127205 is divided by 55?
45
Calculate the remainder when 151753 is divided by 91.
56
What is the remainder when 192415 is divided by 89?
86
Calculate the remainder when 107715 is divided by 8281.
62
Calculate the remainder when 258041 is divided by 64506.
17
Calculate the remainder when 181689 is divided by 16.
9
What is the remainder when 16118 is divided by 5331?
125
What is the remainder when 253 is divided by 48?
13
What is the remainder when 157 is divided by 49?
10
Calculate the remainder when 19864 is divided by 170.
144
What is the remainder when 2792 is divided by 263?
162
What is the remainder when 944 is divided by 281?
101
Calculate the remainder when 178694 is divided by 69.
53
Calculate the remainder when 628 is divided by 49.
40
Calculate the remainder when 4289 is divided by 225.
14
Calculate the remainder when 42287 is divided by 3521.
35
What is the remainder when 8982 is divided by 429?
402
What is the remainder when 4701 is divided by 948?
909
What is the remainder when 1064 is divided by 240?
104
What is the remainder when 211 is divided by 127?
84
What is the remainder when 47309 is divided by 15766?
11
Calculate the remainder when 254 is divided by 85.
84
What is the remainder when 113604 is divided by 22?
18
What is the remainder when 2955 is divided by 6?
3
What is the remainder when 3501 is divided by 206?
205
Calculate the remainder when 174473 is divided by 175.
173
Calculate the remainder when 5730 is divided by 66.
54
Calculate the remainder when 1778 is divided by 251.
21
What is the remainder when 150862 is divided by 5800?
62
What is the remainder when 1706 is divided by 714?
278
Calculate the remainder when 21039 is divided by 130.
109
What is the remainder when 1287 is divided by 180?
27
Calculate the remainder when 13356 is divided by 149.
95
What is the remainder when 55837 is divided by 40?
37
What is the remainder when 3585 is divided by 277?
261
What is the remainder when 12764 is divided by 56?
52
Calculate the remainder when 1281434 is divided by 72.
50
Calculate the remainder when 23251 is divided by 1053.
85
What is the remainder when 2829 is divided by 152?
93
Calculate the remainder when 7685 is divided by 9.
8
Calculate the remainder when 4649 is divided by 37.
24
Calculate the remainder when 36419 is divided by 569.
3
What is the remainder when 6489 is divided by 259?
14
What is the remainder when 3548 is divided by 117?
38
What is the remainder when 12302 is divided by 22?
4
What is the remainder when 41282 is divided by 99?
98
Calculate the remainder when 1984618 is divided by 248077.
2
What is the remainder when 62607 is divided by 121?
50
What is the remainder when 189628 is divided by 141?
124
What is the remainder when 72351 is divided by 6?
3
Calculate the remainder when 6664 is divided by 29.
23
What is the remainder when 1339 is divided by 123?
109
Calculate the remainder when 7964 is divided by 3178.
1608
What is the remainder when 3937 is divided by 38?
23
What is the remainder when 3337 is divided by 3202?
135
Calculate the remainder when 1436 is divided by 47.
26
Calculate the remainder when 304645 is divided by 152279.
87
What is the remainder when 24138 is divided by 354?
66
Calculate the remainder when 905596 is divided by 40.
36
Calculate the remainder when 111677 is divided by 19.
14
What is the remainder when 1462 is divided by 61?
59
What is the remainder when 1039 is divided by 424?
191
Calculate the remainder when 167 is divided by 94.
73
Calculate the remainder when 5440 is divided by 58.
46
Calculate the remainder when 266997 is divided by 600.
597
What is the remainder when 7864 is divided by 35?
24
Calculate the remainder when 2595 is divided by 1292.
11
Calculate the remainder when 4133 is divided by 2.
1
What is the remainder when 3810 is divided by 419?
39
What is the remainder when 23578 is divided by 942?
28
What is the re